Give p(k).
4
Let p(b) = -b**2 - 3 + b**3 + 4*b**3 - 4*b**3 + 7*b - 6*b. Let w(x) = -x**3 + x**2 - x + 1. Let z be w(0). Let r be (2/4)/z*0. What is p(r)?
-3
Let u(a) = -a**2 + 6*a + 9. Let h(l) = -l + 22. Let v be h(15). Determine u(v).
2
Let a(x) = -7*x - 1. Suppose 0*o + 3*o = -2*l + 2, 2*o = -4*l + 12. Let u(f) = f. Let i(d) = l*u(d) + a(d). Let s = 6 - 8. What is i(s)?
5
Suppose x - 17 = -3*b + 3*x, 0 = 4*b + 3*x. Let c(i) = -5 - 5 - 4 + i + b. Give c(0).
-11
Let y be 15/(-10) + (-33)/(-6). Let u(g) = -2*g + 4. Calculate u(y).
-4
Let o(r) = r**3 - 2*r**2 + 3*r - 1. Let m(w) = w**2 - 3*w + 3. Let g = -5 + 8. Let t be m(g). Let h = t + -1. Determine o(h).
5
Let d(x) be the first derivative of -5*x**3/3 + x**2 + 2*x - 12. Determine d(2).
-14
Let c(p) = 4*p**2 + 2*p - 6. Suppose 0 = 2*l - f + 5*f + 30, 5*l - 2*f = -15. Let w(b) = b**2 + b. Let k(h) = l*w(h) + c(h). Give k(-4).
-10
Let u(a) = 6*a**2 + 178*a**3 - 5 - 3*a - 179*a**3 + 1. Determine u(3).
14
Suppose 5*w - 9 = 3*m, 3*w - 5*m = -3*m + 5. Let t be (-2)/(-6) - 22/w. Let l = t - -5. Let p(q) = -2*q - 3. What is p(l)?
1
Let t(f) = f**3 - 7*f**2 - f + 9. Let q be t(7). Suppose -5*h - 4*l + 35 = -q*l, -4*l + 35 = 3*h. Let y(z) = z**3 - 6*z**2 + 6*z - 5. Calculate y(h).
0
Let v(l) = -l**2 + 8*l - 2. Let p(u) = u**2 - 9*u + 2. Let o(j) = 6*p(j) + 7*v(j). What is o(2)?
-2
Let d(s) be the second derivative of -1/2*s**2 + 0*s**3 - 2/5*s**5 + 0 + 1/6*s**4 + s. Let m be 35/49 + 2/7. Give d(m).
-7
Let k(o) be the third derivative of -o**4/24 + 5*o**3/6 + 2*o**2. Let m be (-1 - -1) + 3 + 0. Suppose m*j - 12 = -3. Calculate k(j).
2
Let y(q) = q**3 - 3*q**2 - 2*q - 3. Let s = 62 - 58. Calculate y(s).
5
Let a(v) = v + 2*v**2 - 5*v**2 - 3*v**2 - v**3 + 3*v**2. Suppose -4*u - 3*w - 2 = -5, -5*w + 31 = -2*u. Calculate a(u).
-3
Let b(p) = 9*p - 59 + 31 + 27. Give b(-1).
-10
Let o be ((-7)/(-4))/(6/96). Let b = o - 23. Let c(h) = h - 5. Give c(b).
0
Let x = 9 + -5. Let i(t) be the second derivative of 0*t**2 + 0 + 2*t + 1/6*t**3. Calculate i(x).
4
Let q be 10/(-4) - (-3)/(-6). Let x = q - -4. Let b(v) = -29 + 6*v**2 + 37 - 7. Give b(x).
7
Let z(x) be the second derivative of -x**4/12 + x**3 - x**2/2 - 7*x. Calculate z(5).
4
Let z(s) be the third derivative of 0 + 5*s**2 + 1/6*s**3 + 0*s + 1/120*s**6 - 1/24*s**4 - 1/15*s**5. What is z(3)?
-11
Let r(a) = a - 2. Let c(u) = -u**3 - 8*u**2 + 9*u - 6. Let h be c(-9). What is r(h)?
-8
Let d = 6 - 4. Let s(m) = 4 + m**3 + 6*m**2 - m**d - 8. Let x be (1*3 - (-1)/(-2))*-2. Determine s(x).
-4
Let h(p) = p**3 + 2*p**2 - p - 2. Suppose -5*o = -j + 20, -3*o + 24 = -6*o + 3*j. Determine h(o).
-8
Let f(a) = -a - 4. Let c(s) = s**3 + 20*s**2 + 34*s - 44. Let q be c(-18). What is f(q)?
4
Let w(h) = h - 9. Let j be w(9). Let q = -2 - j. Let z be 2/4 + 7/q. Let d(k) = 2*k + 3. Calculate d(z).
-3
Suppose -35*v + 10*v = -125. Let s(j) = -j**2 + 2*j + 7. Calculate s(v).
-8
Suppose -2*i = -i - 4. Let w(u) = u**2 - 5*u - 1. Calculate w(i).
-5
Let w(i) = 6*i - 6*i**2 - 12 - 9 + i**3 + 14. Calculate w(6).
29
Suppose 0*x = -4*x + 64. Suppose 4*f = j - 6*j - x, 0 = -5*f + 5*j + 25. Let o(a) = 3*a**3 + f + 5*a**2 + 2*a - 4*a**3 - 6*a. Give o(4).
1
Let z(j) be the third derivative of -j**4/12 + j**3/6 - 4*j**2. Let w(h) = h. Let f(x) = -w(x) - z(x). Give f(-5).
-6
Let a(u) be the second derivative of -2*u**3/3 + u**2/2 + u. Let t = 11 - 11. Let n = 1 + t. Determine a(n).
-3
Let b(y) = -y**3 - 3*y**2 - 2*y - 3. Let l be b(-2). Let q(r) be the second derivative of 4*r + 0 + 2/3*r**3 + 1/2*r**2. Give q(l).
-11
Suppose -15 = 2*u + 3*m, -u + 3*m = -4*u - 18. Let v = u - 0. Let p(f) = -3*f - 4. Calculate p(v).
5
Suppose -5*o = -2*b - 3*o + 2, b - 4 = 4*o. Let a(u) = -u**3 - u**2. Give a(b).
0
Let a(l) = l**3 - 5*l**2 + l - 1. Suppose -m + 70 = 18. Let c = -24 + m. Suppose -4*o - 2*f = -6*f - c, 0 = -4*o - 5*f + 10. What is a(o)?
4
Let w(k) = 3*k**3 - 6*k**2 - 5*k + 6. Let t(b) = b**3 - b**2 - b + 1. Let y(v) = -6*t(v) + w(v). What is y(1)?
-2
Let t = -405 - -399. Let u(p) = -4*p**3 - 33*p**2 + p - 36. Let k(c) = c**3 + 8*c**2 + 9. Let n(i) = -9*k(i) - 2*u(i). Determine n(t).
3
Let r(j) = j**3 - 5*j**2 + j + 1. Let o = -6 - -13. Let v = o - 4. Suppose 0 = 5*z - 4*t - 29, 4*z + v*t = 13 + 4. Give r(z).
6
Let v(h) = 3*h + 5. Let j(y) = -2*y - 3. Let n(c) = -5*j(c) - 3*v(c). Suppose -1 = -2*p + p. Let k be 1 - 0 - -3*p. What is n(k)?
4
Let j(c) = -c**2 - 6*c + 8. Let q(p) = -p + 1. Let u(h) = j(h) - 2*q(h). Suppose 9 = 5*n - 5*t + 49, -31 = 5*n - 2*t. Calculate u(n).
1
Let z be (-56)/12 - 2/(-3). Let r = -1 + z. Let v(h) = -h - 1. Let s(y) = 2*y + 2. Let l(q) = -s(q) - v(q). What is l(r)?
4
Let o(c) = 0*c + 3*c + 0*c - 2 + 3*c. Let n be o(3). Let f be n/(-5) - (-5)/25. Let d(g) = g**3 + 4*g**2 + g. What is d(f)?
6
Let t(a) = a**2 + 5*a + 5. Let d = 12 - 18. Let u be (-8)/12 + 32/d. What is t(u)?
11
Let c(y) = 37*y**3 - 9*y**2 - y + 13. Let s(b) = 2*b**2 + 3 - 3 - 9*b**3 - 4 + 1. Let p(u) = 2*c(u) + 9*s(u). Calculate p(-1).
8
Suppose -3*d = d - 20. Let h(z) = 1 + 2*z + 0 - d*z. Suppose 5*q = -2*x - 15, -q - 2*q - 3*x - 18 = 0. Give h(q).
4
Let g = 25 - 19. Let l(y) = -y + g - 10 + 10. Let i = 4 + -9. What is l(i)?
11
Let h(a) be the first derivative of a**3/3 - 3*a**2/2 + 4*a + 2. Let b be h(3). Let p(w) = -w**3 + 4*w**2 - 3. Calculate p(b).
-3
Let g be (-2)/(-5) - (-4)/(-10). Let o(q) = q - 8. Determine o(g).
-8
Let m(a) = -a**2 - 3*a. Suppose 2*p - 7 - 3 = -2*z, 0 = 2*z - p - 1. Let h be 3/(-6) - 7/z. Calculate m(h).
-4
Let n(m) = m**3 + 4*m**2 - 3*m + 5. Let i(p) = p**2 - 10*p + 16. Let r = -4 + 11. Let x be i(r). Determine n(x).
-5
Let k be (-45)/9 - (1 - 2). Let a(d) = -d**2 - 4*d + 1. What is a(k)?
1
Let t(y) = y**2 + 3*y - 5. Suppose -5*n + 15 = 5*k - 3*k, 30 = 5*k + 5*n. Let q = 20 + -30. Let z = q + k. What is t(z)?
5
Let q(a) = -a. Let i(l) = -l**2 - 7*l - 1. Suppose -2*m + 2*p = m - 14, 2*m - 4*p - 4 = 0. Suppose 0 = o - 0*o + 1. Let v(c) = m*q(c) + o*i(c). Calculate v(2).
7
Suppose 5*o - 3 = 7. Suppose 2*v + o*v = 0. Let z = 1 + v. Let m(d) = -7*d**3 + d**2. Give m(z).
-6
Let j(t) be the first derivative of -t**3/3 - 2*t**2 + 7*t - 3. Determine j(-5).
2
Let z(d) = -7*d - 5. Let v(s) be the first derivative of 4*s**2 + 6*s + 2. Let k(g) = 4*v(g) + 5*z(g). Let j be 1/2 + (-15)/(-6). What is k(j)?
-10
Let a(o) = -o**2 + 10*o - 6. Suppose 20 = -4*w, 4*g + 2*w - 61 = 7*w. Calculate a(g).
3
Let d(s) = 0 - 4*s**2 + 4 + 3*s**2 + 0*s**2. Calculate d(-3).
-5
Let f(b) be the third derivative of b**5/30 + b**4/6 + b**3/3 - b**2. Suppose 0 = -t + 2 - 5. What is f(t)?
8
Let w be (16/3 - 4)*-3. Let u(a) = a + 6. What is u(w)?
2
Suppose 6 = 5*i + 1. Let d(f) = -f**3 + 1. What is d(i)?
0
Let n(i) = i**2 + i. Let l(d) = 5*d**2 - 3*d - 2. Let t(b) = l(b) - 6*n(b). What is t(-6)?
16
Suppose -2 = -4*x + 42. Let w = x + -10. Let k(f) = -3*f. Calculate k(w).
-3
Let y be (9/(-6))/(2/(-4)). Suppose 11 = y*r + 2. Let b(i) = 7*i**3 + i**r - 2*i**3. Calculate b(-1).
-6
Let n(t) = t - 4. Let o be n(9). Let k(y) be the third derivative of 1/24*y**4 + 0*y + 2/3*y**3 + 0 + 1/30*y**o - 1/120*y**6 + 2*y**2. Calculate k(3).
-2
Suppose -4*w = 3*b + 27, -2*b + 0*w + 2 = -4*w. Let a(c) be the first derivative of -1 + 5/2*c**2 - 1/4*c**4 - 4/3*c**3 + 2*c. What is a(b)?
2
Let n(x) = -3*x**3 + 3 - 22*x**2 - x - 23*x**2 + 41*x**2 + 4*x**3. Let p = 3 - -1. What is n(p)?
-1
Let g(m) = -6*m - 2. Let v be g(-3). Let b be 4/v + (-2)/8. Let o(d) = d + d**2 + 5*d**3 + b*d**2 - 4*d**3 - 4*d**2. Determine o(2).
-2
Suppose 0*q + 8 = -2*q. Let g(n) be the first derivative of -n**4/4 - n**3 + 2*n**2 + 2*n + 9. Determine g(q).
2
Let j(x) = x**2 + x - 1. Let t(h) be the third derivative of h**6/120 - h**5/15 + 5*h**3/6 - 2*h**2. Let k be t(4). Let i be (-4)/20 - (-1)/k. Give j(i).
-1
Let i = 20 + -25. Let u(a) = -2*a - 7. What is u(i)?
3
Let z(q) be the third derivative of q**6/120 - q**5/12 + q**4/8 + q**3/6 + q**2. Determine z(3).
-8
Let z(w) = w**2 - w + 2. Suppose 4*c - 5*h + 15 = 0, 2*c = -h - 0*h + 3. What is z(c)?
2
Let r(t) be the first derivative of -t**2 - t - 25. Determine r(3).
-7
Let d be (-4 - (6 - 3))/1. Let c = d + 9. Let m(w) = 6 + c + 1 + w. Give m(-4).
5
Let r(t) be the second derivative of t**6/360 + t**4/6 + t**3 -